*(-6)/r?
1
Suppose -3725 = -4*u - 489. What is the tens digit of u?
0
Let j(s) = -789*s**3 + s + 2. What is the hundreds digit of j(-1)?
7
Let y(t) = -2*t - 7 + 6*t - t + 0*t. Suppose 2*z - 18 = 4*g, 2*z + 0*z = -g + 18. What is the units digit of y(z)?
0
Let j = 518 - 289. What is the units digit of j?
9
Suppose 1077 + 5124 = 13*w. Let v = -198 + w. What is the hundreds digit of v?
2
Suppose 2*n - 366 = -k + 6*k, n + 3*k - 161 = 0. What is the units digit of n?
3
Let o(g) = 5*g**2 - 5*g + 15. Let q be o(5). What is the hundreds digit of q - (0 + (-3 - 1))?
1
Let r(y) = y**3 + 4*y**2 - 5*y - 7. Suppose -11 = 8*a - 4*a - v, -3*v = -4*a - 1. What is the units digit of r(a)?
3
Let u(d) be the first derivative of d**3/3 - 10*d**2 - 11*d + 4. Let g be u(13). Let n = -57 - g. What is the units digit of n?
5
Suppose -330 = -0*d - 5*d. Suppose d = w + 1. What is the tens digit of w?
6
Let w(m) = -m**2 + 21*m - 17. What is the tens digit of w(14)?
8
Suppose -20528 = -4*m - 5432. What is the units digit of m?
4
Let s = 24 - 24. Let x(z) = -3*z + 16. What is the units digit of x(s)?
6
Suppose 0 = -53*z + 232177 - 29293. What is the tens digit of z?
2
Let h be ((-345)/(-9))/((4 - 6)/6). Let o = h - -165. What is the tens digit of o?
5
Let o(u) = u**3 + 26*u**2 + 16*u + 42. What is the tens digit of o(-13)?
3
Let q = -62 - -120. What is the tens digit of q?
5
Let j(t) = -503*t - 236. What is the thousands digit of j(-10)?
4
Let a = -240 + 168. What is the tens digit of (1 + (2 - 1))/((-3)/a)?
4
Let p(x) = 2*x - 1. Let m = 41 - 34. What is the units digit of p(m)?
3
Let i = 39 - 14. Let n = i + -31. What is the units digit of -4 + 1 - (-33 + n)?
6
Let k = 450 - 15. What is the units digit of k?
5
Suppose 3*m = -15, -5*t - 3*m + 2*m + 20 = 0. Let l(k) be the first derivative of k**4/4 - 4*k**3/3 - k**2 - 3*k + 158. What is the tens digit of l(t)?
1
Suppose 0*a - 2730 = -10*a. Let i = -149 + a. What is the hundreds digit of i?
1
Suppose 5*m = -4*w + 2, 0 = -3*w - 5*m + 2 - 3. Let l be (12 + 0)*4/w. Suppose 4*q - 136 = -l. What is the units digit of q?
0
Let j(p) be the second derivative of -5*p**3/6 + p**2/2 + p. What is the units digit of j(-13)?
6
Let t(l) = l + 1. Let q(x) = -6*x + 7. Let f(d) = -q(d) + 5*t(d). Let b be f(3). Suppose u + 0 = b. What is the units digit of u?
1
Let r(i) = -5*i - 4. Let x be r(-4). Suppose 0 = -18*c + x*c + 22. What is the tens digit of c?
1
Suppose 2*a = -0*a + 264. Let o be (6/(-8))/((-3)/a). Suppose o + 3 = 4*b. What is the units digit of b?
9
Let i(h) = 3*h**2 + 12*h - 187. What is the units digit of i(27)?
4
Let z(i) = -i**3 - 12*i**2 - 31*i - 7. Let n be z(-9). Let s = 35 + n. What is the units digit of s?
4
Let c(y) = 21*y**2 - 6*y + 16. What is the tens digit of c(4)?
2
Suppose -8*s + 15 = -3*s. Suppose j + 3*o + 12 = 0, s*o + 2*o = -5*j - 20. Suppose j = 2*a - 2*y - 2*y - 30, -34 = -3*a - 5*y. What is the units digit of a?
3
What is the hundreds digit of 8/(128/(-6)) + 57964/32?
8
Let b be (-4)/10*10*23. Let o = 217 + b. Suppose -o = -5*x + 5*r, 3*x - 55 = -4*r + 2*r. What is the tens digit of x?
2
Suppose -17 = -3*h + 19. Let d be h/(-36) - 194/(-6). Suppose -r + 2*i = -12, r - 2*r - 3*i = -d. What is the units digit of r?
0
What is the thousands digit of ((-24232)/(-39))/4*24?
3
Let h(s) = 3*s**2 - 13*s - 25. What is the hundreds digit of h(-11)?
4
Let h(c) = c**3 - c**2 + c - 1. Let w(u) = -2*u**3 + 5*u**2 - 14*u + 9. Let y(t) = 6*h(t) + w(t). What is the tens digit of y(3)?
7
Let l be 4/(-2) + -7 + 11. Suppose -2*p - l*p = b - 30, p + 69 = 4*b. Suppose 31 = v - 4*q, b = v - q - 22. What is the tens digit of v?
4
Let j(p) = p**2 - 4*p + 4. Let m be j(4). Let i = 105 + -63. Suppose 42 = m*s - i. What is the units digit of s?
1
Let n be 0*2/(-6) + 160. Suppose 88 = 3*d + c, -5*c - n = -0*d - 5*d. What is the tens digit of d?
3
Let d(l) = -l**2 - 7*l + 2. Let o be d(-6). Suppose -16*q - 9 = -3*a - 20*q, 4*a = 3*q + 37. Suppose 2*m - 3*v = a, 4*v - o = 4. What is the units digit of m?
8
Let g = -45 - -108. Suppose 67*f - g*f - 140 = 0. What is the tens digit of f?
3
Let t be ((-1180)/12)/(5/(-15)). Suppose 3*s + 2*u = 235 + t, -5*u = -4*s + 745. What is the hundreds digit of s?
1
Suppose -t + 4*y + 1172 = 0, -10*t + 15*t = y + 5784. What is the hundreds digit of t?
1
Suppose 30496 = 20*g - 3064. What is the hundreds digit of g?
6
Suppose 4*t - 3*k - 1427 = 0, -2*t - 5*k + 171 = -536. What is the tens digit of t?
5
Let b = 2713 - 654. What is the thousands digit of b?
2
What is the tens digit of -12 + 13 + -3 + 1844?
4
Let q(w) = -115*w - 16. What is the units digit of q(-5)?
9
Suppose 0 = -2*x + 13 + 115. Let j = 118 - x. What is the tens digit of j?
5
Let g(j) = -j + 10. Suppose 1 = -4*y - 4*p + 9, 4*y - 32 = 2*p. Let k be g(y). Suppose -k*u + 135 = u. What is the units digit of u?
7
Let u be (0 - (-1 - -53)) + (-28)/14. Let n = u + 103. What is the units digit of n?
9
Suppose 5*s - 6*s + 6 = 0. Let q be s/(-15) + 279/(-15). Let n = q - -38. What is the tens digit of n?
1
Suppose d - 22 = -h, 66 = h + 2*h - 4*d. Suppose 6*c - h = 4*c. What is the tens digit of c?
1
Suppose -2*o + 2*r + 430 = 0, o - 8*r + 3*r - 199 = 0. What is the units digit of 1*(4/(-2) - o*-1)?
7
Let m = -1317 - -1680. What is the units digit of m?
3
Let t = 42 - 6. Let v(y) = y**3 + 9*y**2 + 7*y - 8. Let a be v(-8). Suppose -3*g + 5*h - 17 + 93 = a, t = g + h. What is the tens digit of g?
3
Let r = -14 + 8. Suppose 5*x = w - 4, 2*w - x = x + 32. Let m = r + w. What is the units digit of m?
3
Suppose 12 = y - 13. Suppose 3*x - 5*m = -m + y, 3*m + 18 = 2*x. Suppose c - 3*t = -4*t + x, -4*t = c - 9. What is the units digit of c?
1
Suppose 84*y - 11 = 83*y. Let q(m) = -m**2 + 4*m - 7. Let t(h) = -h**2 + 3*h - 6. Let i(w) = -5*q(w) + 4*t(w). What is the units digit of i(y)?
4
Let l = 193 - -480. What is the tens digit of l?
7
Let d = -81 + 74. Let x be (-2)/(-1) - (-7 + 5). What is the units digit of (3 + -11)*d/x?
4
Let b(t) = -t**2 - 7*t + 8. Let m be b(-7). Let h = m - 8. Suppose -3*y + 4*d = -45, 4*y + 4*d + h*d = 60. What is the tens digit of y?
1
Let q(w) = w**3 - 4*w**2 + 5*w - 6. Let f be q(5). Let m be 18 - (-2 + 4 - 4). Suppose f = 4*a - m. What is the tens digit of a?
1
Suppose 2*l + 6 = 0, 4*y - 4*l + 91 - 211 = 0. What is the tens digit of y?
2
Let d be -3 - (-1 - (25 + 0)). Let s = d - 18. Suppose 82 = -s*y + 7*y. What is the units digit of y?
1
Suppose -6*q = -8*q + 4. Suppose 5*h = 3*a + q, -4*a + h = -1 - 2. What is the tens digit of (32/(-5))/(a/(-5))?
3
Let q(o) = -o**2 + 10*o. Let f be q(19). Let z = f - -349. What is the hundreds digit of z?
1
Let y(q) = 7*q - 148. Let k be y(22). Let j(g) = 2*g**2 + 5*g**2 - 2*g**3 - 4 + g**3. What is the tens digit of j(k)?
3
Let q be 8/10 - 152/40. Let l be 1/(412/(-136) - q). What is the units digit of (l/4)/((-3)/6)?
7
Suppose -4773 = -5*t + 2*o, 3*t + 0*o = 2*o + 2867. What is the units digit of t?
3
Let u(b) = -b**2 - 13*b. Let y(w) = -w - 1. Let n(m) = -u(m) - 6*y(m). Let x be n(-17). What is the tens digit of 2/(-7) + (-540)/x?
1
Let t = 65 - 83. What is the tens digit of (4 + -30)/(-4*(-1)/t)?
1
Let w(j) = 230*j + 79. What is the hundreds digit of w(20)?
6
Suppose 62*p = 63*p - 1136. What is the units digit of p?
6
Let c be 2/6 - (-15)/9. Let p(u) = 3*u**2 - 13*u + 15. Let y(j) = -7*j**2 + 26*j - 30. Let q(n) = c*y(n) + 5*p(n). What is the units digit of q(12)?
3
Let m(r) = -r**3 - 2*r**2 - r - 4. Let z be m(-3). Suppose z = -2*j + 3*j. What is the tens digit of j/10 + 311/5?
6
Let g be (-7)/(20/(-8) + 2). Let p(x) = 3*x + 22. What is the units digit of p(g)?
4
What is the tens digit of 36825/175 + 9/(-21)?
1
Suppose 18*z - 16 = -2*f + 16*z, 0 = f + 5*z - 28. Suppose -2*b = 3*b - 25. Suppose b*u - 30 = f*u. What is the tens digit of u?
1
Let z(j) = 144*j**2 - 51*j. What is the hundreds digit of z(-6)?
4
Suppose -i + 7 + 11 = 0. Let v = -16 + i. What is the tens digit of (-18)/(-1 + 1/v)?
3
Let d be -234*4 - (-3 - -1). Let z = d + 1319. Suppose u + z = 8*u. What is the tens digit of u?
5
Suppose 2*f - 76 = -2*t, 3*t - 114 = 3*f + 2*f. Suppose -l + t = l. What is the tens digit of l?
1
Suppose 0 = -11*j - 13*j + 121896. What is the thousands digit of j?
5
Suppose 0 = 4*n - 2*p + 3*p -